{"id":99,"date":"2021-01-05T11:56:32","date_gmt":"2021-01-05T11:56:32","guid":{"rendered":"https:\/\/www.quizetplus.com\/?page_id=99"},"modified":"2021-01-05T13:07:16","modified_gmt":"2021-01-05T13:07:16","slug":"les-5-voitures-les-plus-laides-de-tous-les-temps","status":"publish","type":"page","link":"https:\/\/www.quizetplus.com\/index.php\/categorie-galerie\/les-5-voitures-les-plus-laides-de-tous-les-temps\/","title":{"rendered":"Les 5 voitures les plus laides de tous les temps"},"content":{"rendered":"\n<p>Nous avons vu beaucoup de voitures belles et laides, mais il y en a qui semblent avoir de l\u2019exclusivit\u00e9, surtout en ce qui concerne la laideur. Des mod\u00e8les plus ou moins r\u00e9ussis qui ont marqu\u00e9 non seulement l\u2019histoire de l\u2019automobile mais aussi celle des automobilistes, puisqu\u2019il n\u2019est jamais trop agr\u00e9able de prendre le volant d\u2019une voiture laide. Ainsi, les concours de beaut\u00e9 plus traditionnels pour les voitures, par exemple le concours d\u2019\u00e9l\u00e9gance de Villa d\u2019Este, plut\u00f4t que celui de Pebble Beach, en Californie, s\u2019opposent \u00e0 des classements diam\u00e9tralement oppos\u00e9s, pr\u00eats \u00e0 lister les voitures les plus laides de l\u2019histoire. Un d\u00e9fi \u00e0 part enti\u00e8re, qui, au pire, n\u2019a jamais de fin, entre ic\u00f4nes du pass\u00e9 et mod\u00e8les du pr\u00e9sent destin\u00e9s \u00e0 \u00eatre rappel\u00e9s pour leur laideur.<\/p>\n\n\n\n<!-- default-view.php -->\n<div\n\tclass=\"ngg-galleryoverview default-view \"\n\tid=\"ngg-gallery-1b7919f4cd0dcfaaefe44c21777bfd0a-1\">\n\n\t\t<!-- Thumbnails -->\n\t\t\t\t<div id=\"ngg-image-0\" class=\"ngg-gallery-thumbnail-box \" >\n\t\t\t\t        <div class=\"ngg-gallery-thumbnail\">\n            <a href=\"https:\/\/www.quizetplus.com\/wp-content\/gallery\/les-5-voitures-les-plus-laides-de-tous-les-temps\/01_fiat_duna.jpg\"\n               title=\"&lt;b&gt;01 - Fiat Duna&lt;\/b&gt;&lt;br \/&gt;\nLa reine des voitures les plus laides par excellence est la Fiat Duna, la variante \u00e0 hayon de la Fiat Uno br\u00e9silienne, produite entre 1987 et 1991. Les probl\u00e8mes de conception l&#039;ont fait entrer dans l&#039;histoire comme la pire voiture jamais produite par Fiat. Avec elle aussi la variante Duna Weekend.\"\n               data-src=\"https:\/\/www.quizetplus.com\/wp-content\/gallery\/les-5-voitures-les-plus-laides-de-tous-les-temps\/01_fiat_duna.jpg\"\n               data-thumbnail=\"https:\/\/www.quizetplus.com\/wp-content\/gallery\/les-5-voitures-les-plus-laides-de-tous-les-temps\/thumbs\/thumbs_01_fiat_duna.jpg\"\n               data-image-id=\"1\"\n               data-title=\"01\"\n               data-description=\"&lt;b&gt;01 - Fiat Duna&lt;\/b&gt;&lt;br \/&gt;\nLa reine des voitures les plus laides par excellence est la Fiat Duna, la variante \u00e0 hayon de la Fiat Uno br\u00e9silienne, produite entre 1987 et 1991. Les probl\u00e8mes de conception l&#039;ont fait entrer dans l&#039;histoire comme la pire voiture jamais produite par Fiat. Avec elle aussi la variante Duna Weekend.\"\n               data-image-slug=\"01_fiat_duna\"\n               class=\"ngg-simplelightbox\" rel=\"1b7919f4cd0dcfaaefe44c21777bfd0a\">\n                <img\n                    title=\"01\"\n                    alt=\"01\"\n                    src=\"https:\/\/www.quizetplus.com\/wp-content\/gallery\/les-5-voitures-les-plus-laides-de-tous-les-temps\/thumbs\/thumbs_01_fiat_duna.jpg\"\n                    width=\"240\"\n                    height=\"240\"\n                    style=\"max-width:100%;\"\n                \/>\n            <\/a>\n        <\/div>\n\t\t\t\t\t\t\t<\/div> \n\t\t\t\n\t\t\t\t<div id=\"ngg-image-1\" class=\"ngg-gallery-thumbnail-box \" >\n\t\t\t\t        <div class=\"ngg-gallery-thumbnail\">\n            <a href=\"https:\/\/www.quizetplus.com\/wp-content\/gallery\/les-5-voitures-les-plus-laides-de-tous-les-temps\/02_nsu-prinz.jpg\"\n               title=\"&lt;b&gt;02 - NSU Prinz&lt;\/b&gt;&lt;br \/&gt;\nLe petit de la soci\u00e9t\u00e9 allemande NZU, le l\u00e9gendaire Prinz produit de 1957 \u00e0 1973. Dans sa l\u00e9gendaire couleur verte, il y en a qui le comparent \u00e0 une bo\u00eete de sardines \u00e0 roulettes.\"\n               data-src=\"https:\/\/www.quizetplus.com\/wp-content\/gallery\/les-5-voitures-les-plus-laides-de-tous-les-temps\/02_nsu-prinz.jpg\"\n               data-thumbnail=\"https:\/\/www.quizetplus.com\/wp-content\/gallery\/les-5-voitures-les-plus-laides-de-tous-les-temps\/thumbs\/thumbs_02_nsu-prinz.jpg\"\n               data-image-id=\"3\"\n               data-title=\"02\"\n               data-description=\"&lt;b&gt;02 - NSU Prinz&lt;\/b&gt;&lt;br \/&gt;\nLe petit de la soci\u00e9t\u00e9 allemande NZU, le l\u00e9gendaire Prinz produit de 1957 \u00e0 1973. Dans sa l\u00e9gendaire couleur verte, il y en a qui le comparent \u00e0 une bo\u00eete de sardines \u00e0 roulettes.\"\n               data-image-slug=\"02_nsu-prinz\"\n               class=\"ngg-simplelightbox\" rel=\"1b7919f4cd0dcfaaefe44c21777bfd0a\">\n                <img\n                    title=\"02\"\n                    alt=\"02\"\n                    src=\"https:\/\/www.quizetplus.com\/wp-content\/gallery\/les-5-voitures-les-plus-laides-de-tous-les-temps\/thumbs\/thumbs_02_nsu-prinz.jpg\"\n                    width=\"240\"\n                    height=\"240\"\n                    style=\"max-width:100%;\"\n                \/>\n            <\/a>\n        <\/div>\n\t\t\t\t\t\t\t<\/div> \n\t\t\t\n\t\t\t\t<div id=\"ngg-image-2\" class=\"ngg-gallery-thumbnail-box \" >\n\t\t\t\t        <div class=\"ngg-gallery-thumbnail\">\n            <a href=\"https:\/\/www.quizetplus.com\/wp-content\/gallery\/les-5-voitures-les-plus-laides-de-tous-les-temps\/03_daihatsu_materia.jpg\"\n               title=\"&lt;b&gt;03 - Daihatsu Materia&lt;\/b&gt;&lt;br \/&gt;\nProduit par le constructeur japonais depuis 2006, le Daihatsu Materia ne cache pas trop sa laideur, mise en valeur par les formes carr\u00e9es et les lignes vraiment trop dures.\"\n               data-src=\"https:\/\/www.quizetplus.com\/wp-content\/gallery\/les-5-voitures-les-plus-laides-de-tous-les-temps\/03_daihatsu_materia.jpg\"\n               data-thumbnail=\"https:\/\/www.quizetplus.com\/wp-content\/gallery\/les-5-voitures-les-plus-laides-de-tous-les-temps\/thumbs\/thumbs_03_daihatsu_materia.jpg\"\n               data-image-id=\"2\"\n               data-title=\"03\"\n               data-description=\"&lt;b&gt;03 - Daihatsu Materia&lt;\/b&gt;&lt;br \/&gt;\nProduit par le constructeur japonais depuis 2006, le Daihatsu Materia ne cache pas trop sa laideur, mise en valeur par les formes carr\u00e9es et les lignes vraiment trop dures.\"\n               data-image-slug=\"03_daihatsu_materia\"\n               class=\"ngg-simplelightbox\" rel=\"1b7919f4cd0dcfaaefe44c21777bfd0a\">\n                <img\n                    title=\"03\"\n                    alt=\"03\"\n                    src=\"https:\/\/www.quizetplus.com\/wp-content\/gallery\/les-5-voitures-les-plus-laides-de-tous-les-temps\/thumbs\/thumbs_03_daihatsu_materia.jpg\"\n                    width=\"240\"\n                    height=\"240\"\n                    style=\"max-width:100%;\"\n                \/>\n            <\/a>\n        <\/div>\n\t\t\t\t\t\t\t<\/div> \n\t\t\t\n\t\t\t\t<div id=\"ngg-image-3\" class=\"ngg-gallery-thumbnail-box \" >\n\t\t\t\t        <div class=\"ngg-gallery-thumbnail\">\n            <a href=\"https:\/\/www.quizetplus.com\/wp-content\/gallery\/les-5-voitures-les-plus-laides-de-tous-les-temps\/04_lancia-dedra.jpg\"\n               title=\"&lt;b&gt;04 - Lancia Dedra&lt;\/b&gt;&lt;br \/&gt;\nProduit de 1989 \u00e0 200 dans les usines Lancia de Chivasso et Rivalta, le Dedra fait partie de ces mod\u00e8les qui n&#039;ont jamais convaincu le public, soumis \u00e0 des mises \u00e0 jour et restyling au fil du temps qui ne suffisent pas \u00e0 r\u00e9pondre ad\u00e9quatement \u00e0 l&#039;engagement de se pr\u00e9senter comme d\u00e9put\u00e9 vaisseau amiral. C&#039;est l&#039;un de ces mod\u00e8les qui peut \u00e9galement se vanter d&#039;une page Facebook qui met l&#039;accent sur sa ligne \u00abanonyme et d\u00e9pourvue de personnalit\u00e9\u00bb.\"\n               data-src=\"https:\/\/www.quizetplus.com\/wp-content\/gallery\/les-5-voitures-les-plus-laides-de-tous-les-temps\/04_lancia-dedra.jpg\"\n               data-thumbnail=\"https:\/\/www.quizetplus.com\/wp-content\/gallery\/les-5-voitures-les-plus-laides-de-tous-les-temps\/thumbs\/thumbs_04_lancia-dedra.jpg\"\n               data-image-id=\"4\"\n               data-title=\"04\"\n               data-description=\"&lt;b&gt;04 - Lancia Dedra&lt;\/b&gt;&lt;br \/&gt;\nProduit de 1989 \u00e0 200 dans les usines Lancia de Chivasso et Rivalta, le Dedra fait partie de ces mod\u00e8les qui n&#039;ont jamais convaincu le public, soumis \u00e0 des mises \u00e0 jour et restyling au fil du temps qui ne suffisent pas \u00e0 r\u00e9pondre ad\u00e9quatement \u00e0 l&#039;engagement de se pr\u00e9senter comme d\u00e9put\u00e9 vaisseau amiral. C&#039;est l&#039;un de ces mod\u00e8les qui peut \u00e9galement se vanter d&#039;une page Facebook qui met l&#039;accent sur sa ligne \u00abanonyme et d\u00e9pourvue de personnalit\u00e9\u00bb.\"\n               data-image-slug=\"04_lancia-dedra\"\n               class=\"ngg-simplelightbox\" rel=\"1b7919f4cd0dcfaaefe44c21777bfd0a\">\n                <img\n                    title=\"04\"\n                    alt=\"04\"\n                    src=\"https:\/\/www.quizetplus.com\/wp-content\/gallery\/les-5-voitures-les-plus-laides-de-tous-les-temps\/thumbs\/thumbs_04_lancia-dedra.jpg\"\n                    width=\"240\"\n                    height=\"240\"\n                    style=\"max-width:100%;\"\n                \/>\n            <\/a>\n        <\/div>\n\t\t\t\t\t\t\t<\/div> \n\t\t\t\n\t\t\t\t<div id=\"ngg-image-4\" class=\"ngg-gallery-thumbnail-box \" >\n\t\t\t\t        <div class=\"ngg-gallery-thumbnail\">\n            <a href=\"https:\/\/www.quizetplus.com\/wp-content\/gallery\/les-5-voitures-les-plus-laides-de-tous-les-temps\/05_aston_martin_lagonda.jpg\"\n               title=\"&lt;b&gt;05 - Aston Martin Lagonda&lt;\/b&gt;&lt;br \/&gt;\nProduite de 1976 \u00e0 1989, l&#039;Aston Martin Lagonda est un exemple de la fa\u00e7on dont une solution futuriste adopt\u00e9e pour rajeunir l&#039;image d&#039;un artisan constructeur n&#039;a pas rencontr\u00e9 les faveurs du public europ\u00e9en et am\u00e9ricain, alors qu&#039;elle a eu un bon succ\u00e8s au Moyen-Orient.\"\n               data-src=\"https:\/\/www.quizetplus.com\/wp-content\/gallery\/les-5-voitures-les-plus-laides-de-tous-les-temps\/05_aston_martin_lagonda.jpg\"\n               data-thumbnail=\"https:\/\/www.quizetplus.com\/wp-content\/gallery\/les-5-voitures-les-plus-laides-de-tous-les-temps\/thumbs\/thumbs_05_aston_martin_lagonda.jpg\"\n               data-image-id=\"5\"\n               data-title=\"05\"\n               data-description=\"&lt;b&gt;05 - Aston Martin Lagonda&lt;\/b&gt;&lt;br \/&gt;\nProduite de 1976 \u00e0 1989, l&#039;Aston Martin Lagonda est un exemple de la fa\u00e7on dont une solution futuriste adopt\u00e9e pour rajeunir l&#039;image d&#039;un artisan constructeur n&#039;a pas rencontr\u00e9 les faveurs du public europ\u00e9en et am\u00e9ricain, alors qu&#039;elle a eu un bon succ\u00e8s au Moyen-Orient.\"\n               data-image-slug=\"05_aston_martin_lagonda\"\n               class=\"ngg-simplelightbox\" rel=\"1b7919f4cd0dcfaaefe44c21777bfd0a\">\n                <img\n                    title=\"05\"\n                    alt=\"05\"\n                    src=\"https:\/\/www.quizetplus.com\/wp-content\/gallery\/les-5-voitures-les-plus-laides-de-tous-les-temps\/thumbs\/thumbs_05_aston_martin_lagonda.jpg\"\n                    width=\"240\"\n                    height=\"240\"\n                    style=\"max-width:100%;\"\n                \/>\n            <\/a>\n        <\/div>\n\t\t\t\t\t\t\t<\/div> \n\t\t\t\n\t\n\t<br style=\"clear: both\" \/>\n\n\t\n\t\t<!-- Pagination -->\n\t<div class='ngg-clear'><\/div>\t<\/div>\n\n","protected":false},"excerpt":{"rendered":"<p>Nous avons vu beaucoup de voitures belles et laides, mais il y en a qui semblent avoir de l\u2019exclusivit\u00e9, surtout<\/p>\n","protected":false},"author":1,"featured_media":0,"parent":96,"menu_order":0,"comment_status":"closed","ping_status":"closed","template":"","meta":{"ngg_post_thumbnail":0},"_links":{"self":[{"href":"https:\/\/www.quizetplus.com\/index.php\/wp-json\/wp\/v2\/pages\/99"}],"collection":[{"href":"https:\/\/www.quizetplus.com\/index.php\/wp-json\/wp\/v2\/pages"}],"about":[{"href":"https:\/\/www.quizetplus.com\/index.php\/wp-json\/wp\/v2\/types\/page"}],"author":[{"embeddable":true,"href":"https:\/\/www.quizetplus.com\/index.php\/wp-json\/wp\/v2\/users\/1"}],"replies":[{"embeddable":true,"href":"https:\/\/www.quizetplus.com\/index.php\/wp-json\/wp\/v2\/comments?post=99"}],"version-history":[{"count":1,"href":"https:\/\/www.quizetplus.com\/index.php\/wp-json\/wp\/v2\/pages\/99\/revisions"}],"predecessor-version":[{"id":101,"href":"https:\/\/www.quizetplus.com\/index.php\/wp-json\/wp\/v2\/pages\/99\/revisions\/101"}],"up":[{"embeddable":true,"href":"https:\/\/www.quizetplus.com\/index.php\/wp-json\/wp\/v2\/pages\/96"}],"wp:attachment":[{"href":"https:\/\/www.quizetplus.com\/index.php\/wp-json\/wp\/v2\/media?parent=99"}],"curies":[{"name":"wp","href":"https:\/\/api.w.org\/{rel}","templated":true}]}}